8
Let t(k) = k**2 - 9*k - 12. Let u be t(11). Let j be -3 + -44*u + -1. Let v = j + 634. Calculate the greatest common factor of v and 19.
19
Suppose 3*q = 2*b - 6*b + 660, -423 = -2*q + 3*b. Let o be (q/45)/((-2)/(-10)). Calculate the highest common factor of o and 264.
24
Let a(x) = x**2 + 7*x - 2. Let t be a(-4). Let y be (-638)/t - 16/28. Suppose h + 0*h = 9. What is the highest common factor of h and y?
9
Suppose -l = -6*l + 875. Let m(f) = -11*f + 5. Let d be m(10). Let w = d + l. Calculate the highest common divisor of 14 and w.
14
Let b(m) = -4*m**3 - 2*m**2 + 1. Let i be b(1). Let s = i + -17. Let y = s - -50. What is the greatest common factor of 4 and y?
4
Let b be ((-2)/4)/((-7)/28). Suppose -2*y - b*p = 3*p - 35, -4*y + 25 = p. What is the highest common divisor of 35 and y?
5
Let i(x) be the first derivative of x**3/3 - x**2 - 13*x - 22. Let n be i(-5). What is the greatest common factor of 176 and n?
22
Let t be 4/36 - (-1290)/(-54)*-1. What is the highest common factor of t and 120?
24
Suppose -20*h - 1706 = -7506. Calculate the highest common factor of h and 40.
10
Let c = -244 - -409. Let k = c - 90. What is the highest common divisor of k and 45?
15
Suppose 2*i = 3*i - 3. Let q be (16/12)/(((-168)/(-18))/7). Calculate the greatest common factor of i and q.
1
Let m be ((-76)/570 - 4/15)*-1440. What is the highest common factor of m and 18?
18
Let l be -1 + -2 + (3 - 0). Let a = l + 0. Let w(s) = -s + 10. Let d be w(a). Calculate the greatest common divisor of d and 10.
10
Let y(o) = 4*o**2. Let f be y(2). Suppose 2*g = -0*g - f. Let p be 22/8 - (-6)/g. Calculate the greatest common divisor of p and 4.
2
Let r be (160 - 163) + (98 - 2) + 1 + 2. Let f be (-1)/4 + 194/8. Calculate the highest common factor of f and r.
24
Let o(p) = -p**3 - 5*p**2 - 4*p. Suppose -8*l - 8 = -6*l. Let r be o(l). Suppose r = -x - x + 68. What is the highest common divisor of x and 34?
34
Let h = 19 + -14. Suppose -2*l = -h*d - 32, -14 = -3*l - 2*l - 4*d. Let z be (4*3)/(2 - 1). Calculate the highest common divisor of z and l.
6
Let n(w) = -w**3 - 15*w**2 - 18*w - 4. Suppose -24 = 5*c + 5*b + 21, -5*b + 25 = 0. Let a be n(c). Calculate the greatest common divisor of 13 and a.
13
Suppose 5*l = -l + 186. Let k = 901 - 560. Calculate the highest common factor of k and l.
31
Suppose 3*n - 48 = n. Suppose -n*u = -21*u - 450. What is the greatest common factor of u and 60?
30
Let b be (673 - -11)/9 - (2 + -2). What is the greatest common factor of 247 and b?
19
Let o be 4*((-330)/(-150))/(2/30). Let n(l) = l. Let w be n(-5). Let z be (-12)/(-5)*(0 - w). Calculate the greatest common divisor of o and z.
12
Let h be 1/(-2)*2 + 3. Suppose -33 = -g - x - 0*x, -h*g + 2*x + 78 = 0. Calculate the highest common divisor of 54 and g.
18
Suppose 4*x = -x - 5, x = 4*y - 9. Let j be (6/8)/(y/32). Suppose -5*b + 3*r = -8*b + 153, -5*b = 3*r - 249. Calculate the highest common factor of b and j.
12
Suppose -54 = -5*h - 24. What is the highest common divisor of 39 and h?
3
Let v be 7*18/294 - (-274)/14. Let k = -14 - -24. What is the greatest common factor of v and k?
10
Let c be (-238)/6 - (-12)/(-9). Let g = 47 + c. Calculate the greatest common factor of 30 and g.
6
Suppose 23*l - 29*l = -12. Suppose -4*i - 4*t + 68 = 0, -l*t = -i + 2*t + 7. Calculate the greatest common divisor of 45 and i.
15
Suppose -2*n - 11 = -3*n. Suppose r = -2*j + n + 3, 35 = 5*r + 3*j. Suppose -8*m + 88 = -r*m. Calculate the greatest common divisor of m and 2.
2
Suppose r + 2 = 4. Suppose -80 = 4*a - r*a. Let p = a + 139. What is the greatest common factor of 9 and p?
9
Let q = -31 + 90. Suppose -1 = -3*n + q. What is the highest common factor of 4 and n?
4
Suppose -i - 4*q + 17 = 0, 0 = -3*i + 2*q + 3*q + 34. Let k = 33 - i. Suppose -c - c = -10. Calculate the greatest common divisor of k and c.
5
Let j(h) = -32*h + 9. Let t be j(2). Let v = 121 + t. What is the highest common factor of 44 and v?
22
Suppose 2*a + 495 = -503. Let s = a + 755. Calculate the highest common divisor of s and 32.
32
Suppose -1011*h + 1008*h + 33 = 0. What is the greatest common factor of h and 176?
11
Let i(l) = -2*l**3 + 4*l**2 - 3*l + 6. Let m be i(-4). Let x(t) = -t**3 - 8*t**2 - 9*t. Let d be x(-7). What is the greatest common factor of d and m?
14
Suppose -7*w + 20618 = -11407. What is the greatest common divisor of w and 75?
75
Let r = 400 - 392. What is the highest common factor of r and 44?
4
Let g be 32*((-102)/8)/(-17). What is the highest common factor of g and 40?
8
Suppose 2*g + 156 + 30 = 4*u, 3*u = -3*g + 144. What is the highest common divisor of 329 and u?
47
Let v be (0/(-1))/4 + 4*1. Let a = 94 - v. Calculate the highest common divisor of 225 and a.
45
Let u be (-313)/(-4) - -3 - (-30)/(-24). Calculate the highest common factor of u and 170.
10
Let p(r) = 23*r**2 - r. Let s be p(1). Let x = -10 + s. Let c be (-2 + 3)/(-3*4/(-576)). Calculate the greatest common divisor of x and c.
12
Let y = 660 + -592. What is the greatest common factor of y and 51?
17
Let r(v) = -v**3 - 6*v**2 - 3*v + 7. Let a be r(-5). Let q be 3*((-35)/(-14))/(a/(-56)). What is the highest common factor of q and 56?
28
Let l = 31 + -22. Let i(z) = z**3 - 5*z**2 - 5*z - 1. Let u be i(6). Suppose -v + 16 = -u*y + 66, 4*v + 29 = y. What is the highest common factor of y and l?
9
Let y = 2 + 18. Let v = -22 + y. Let r be (-16)/8*v/4. What is the greatest common factor of 9 and r?
1
Let i be ((-8)/(-3))/(8/156). Calculate the highest common divisor of i and 91.
13
Let k(n) = -2*n**2 - 22*n - 17. Let b be k(-10). Suppose 0*f = -3*g + f + 79, 4*g = -3*f + 114. Calculate the highest common divisor of g and b.
3
Suppose -7*y = -2*a - 3*y + 38, 5 = -y. Let v(i) = -i**2 - 9*i - 5. Let h be v(-7). Calculate the highest common divisor of a and h.
9
Let u(h) = -h**2 + 86*h + 496. Let i be u(36). What is the highest common factor of 56 and i?
56
Suppose -5*v + 87 = -4*t + 294, -4*t + v = -195. What is the greatest common divisor of 258 and t?
6
Let o = 92 - 87. Let a be (-38)/(-8) + o/20. Calculate the highest common divisor of 20 and a.
5
Let f be (-8)/(-14) - ((-1488)/(-42))/(-1). Suppose -s = -2*s + 54. What is the greatest common divisor of f and s?
18
Let p be (-58 - -1)*(-1)/3. Suppose p = w - 4*u, 5*w - 127 - 78 = -2*u. Let r = 24 + -11. What is the highest common factor of r and w?
13
Suppose z + 13 - 35 = 0. Let k(v) = -v**3 - 18*v**2 - 21*v - 35. Let h be k(-17). Calculate the highest common divisor of h and z.
11
Suppose -14*k + 128 = -18*k. Let g = 52 + k. Calculate the greatest common factor of 50 and g.
10
Let y = -37 + 117. Let n = -409 - -419. What is the greatest common factor of n and y?
10
Let u be -9*5/(-3)*1. Let v = -6 - -9. What is the greatest common divisor of v and u?
3
Suppose -2*v - 4*t = -3*v + 12, 6 = -5*v - 2*t. Let b = 10 - v. Suppose 0 = -i + 4*s - 7, 4*s = 5*i + 3*s - 22. What is the greatest common factor of b and i?
5
Let p be (29 + 1)/((-2)/(-4)). Suppose 276 = 2*u - p. Suppose 21*l - 17*l - 84 = 0. What is the highest common factor of l and u?
21
Let f(k) be the second derivative of -k**5/20 - k**4/12 + 19*k**2/2 + 29*k. Let d be f(0). Calculate the highest common divisor of d and 38.
19
Suppose -40*r + 80 = -38*r. What is the highest common factor of r and 200?
40
Suppose 26*k + 40 = 31*k. Calculate the highest common divisor of k and 36.
4
Let j = 58 - 33. Suppose 0*v - v = -j. Suppose -3*n - 365 = 4*w - 6*w, 4*w - 5*n - 725 = 0. Calculate the highest common factor of w and v.
25
Let d = 605 + -282. Calculate the highest common factor of 17 and d.
17
Let u = -410 + 455. Calculate the highest common divisor of u and 99.
9
Let i(y) = y**3 + 10*y**2 + 50*y + 176. Let b be i(-4). Calculate the highest common factor of 900 and b.
36
Let z be (-424)/(-30) + (-10)/75. Suppose -3*u + 44 = -5*s, 2*u - 30 = -4*s + z. Let c = u + -3. What is the greatest common factor of 135 and c?
15
Let p(q) = 89*q - 693. Let f be p(8). Calculate the highest common factor of 19 and f.
19
Let i be (2023/34)/((-1)/(-2)). Suppose 0 = 2*g + 5*g - i. Let m be g - (7 - (5 + -1)). What is the highest common divisor of 35 and m?
7
Suppose -2*r + 5 - 1 = 0. Suppose 2576 = 21*z + 2*z. Suppose -14 = -r*a + z. What is the greatest c